 b(3). Suppose -j = -a*j + 270. What is the greatest common factor of j and 10?
10
Let l(h) = 3*h + 4. Let i be l(7). Calculate the greatest common factor of 5 and i.
5
Suppose 928 - 224 = 4*a. What is the greatest common factor of a and 44?
44
Let u be (-127)/(-5) - 8/20. Calculate the greatest common divisor of 10 and u.
5
Suppose 2*c - 608 = -3*q + 6*c, 3*c = 5*q - 1006. What is the highest common factor of q and 25?
25
Suppose -4*d + 90 + 70 = 0. Let n be (-26)/(-6) + 2/3. What is the highest common divisor of d and n?
5
Let z be ((-4)/(-7))/((-6)/(-21)). Let j(y) be the first derivative of 5*y**2/2 - 2*y - 4. Let v be j(4). What is the highest common factor of z and v?
2
Let k be (-8)/(8/2)*-1. Let t be 897/33 - k/11. What is the highest common factor of t and 3?
3
Suppose -5*q + 72 = -2*q. Calculate the highest common divisor of q and 312.
24
Let s be ((-2)/4)/(12/(-24)). Calculate the greatest common factor of 5 and s.
1
Suppose 4*i + 0*g - 81 = -5*g, 2*g = i - 30. Let d(c) = -2*c + 10. Let r be d(5). Suppose 3 + r = t. Calculate the highest common factor of i and t.
3
Let d = 10 - 5. Suppose 0 = -3*t - t + d*p + 21, -15 = -4*t - p. Suppose -38 = -2*s + 4*a, 39 = 3*s + 2*s + t*a. What is the highest common divisor of 33 and s?
11
Let y(q) = q**3 - q**2 - 3*q + 6. Let h be y(4). What is the highest common divisor of 21 and h?
21
Let y(n) = -n - 4. Let i be y(-8). Let b be 66/2 - (1 - 0). What is the highest common factor of b and i?
4
Let i(d) = -d + 13. Let t be i(11). Suppose -2*x = t*x - 4*w - 36, -4*w = 2*x - 24. Calculate the highest common factor of 30 and x.
10
Let k = -15 + 23. Calculate the highest common factor of 20 and k.
4
Let z be 4/18 + 5604/54. What is the highest common divisor of 13 and z?
13
Let u be (-72)/(3*4/8*-1). What is the greatest common factor of 6 and u?
6
Suppose -2*p = 6, 3*b + 51 = b - 5*p. Let a = b - -29. Suppose -a = -q - 5. What is the highest common factor of 15 and q?
3
Let d = 135 + -106. Calculate the greatest common divisor of 29 and d.
29
Suppose -4 = -2*k - 2*n, 2 = k + n + 2*n. Let j be (2 - k)/(2 + -1). Suppose -t + 34 + 22 = j. Calculate the greatest common divisor of 8 and t.
8
Let m be 11/44 + 19/4. What is the highest common factor of 55 and m?
5
Let o(v) = -v**3 + 6*v**2 - 3*v - 7. Let y be o(5). Let q be (0 - -1)*(2 + y). What is the greatest common divisor of q and 35?
5
Suppose -2*l + 98 + 50 = 0. Calculate the highest common divisor of l and 37.
37
Let y(n) = -n + 14. Let m be y(6). Suppose 3*q + m = 29. Calculate the highest common divisor of 28 and q.
7
Suppose -16 = 4*i + 8. Let y(o) = -o**3 - 5*o + 2*o**2 + 8 + 0*o**3 - 9*o**2. Let r be y(i). Calculate the highest common factor of r and 6.
2
Let r be (-48)/(-6) - 6/2. Calculate the greatest common factor of r and 20.
5
Suppose 5*j = 9*j - 96. Calculate the highest common factor of 96 and j.
24
Let t(g) = g**3 + 5*g**2 + 2*g + 3. Let z be t(-3). Let w be z/25*15*1. Calculate the highest common divisor of w and 45.
9
Let z = 6 + 6. Let i = 27 - z. Calculate the greatest common factor of i and 15.
15
Let o(f) = -f**3 - 2*f**2 + f - 2. Let h be o(-3). Let r be 147/(-6) + 2/h. Let z = 35 + r. Calculate the highest common divisor of 121 and z.
11
Suppose 2*g + 3 + 7 = 0. Let j be (1 - 2)*(1 + g). What is the greatest common divisor of 20 and j?
4
Let c be 0 - 1 - (3 + -11). Suppose -n + 2*m = -14, -2*n + 5*m - 25 = -c*n. Calculate the highest common divisor of n and 20.
4
Suppose 6*c - 127 = c + j, -40 = -2*c + 4*j. What is the greatest common divisor of c and 65?
13
Let q = -11 - -37. What is the highest common divisor of q and 286?
26
Let d be 34/(-3)*(-24)/16. What is the highest common divisor of 68 and d?
17
Let b be 1*28*(1 + -3). Let w = b + 92. Let j(p) = p**2 - p. Let r be j(4). Calculate the highest common factor of r and w.
12
Let u = 1 + 152. Calculate the highest common factor of 17 and u.
17
Let j(c) = c**2 + 2*c - 12. Let n be j(-8). What is the highest common divisor of n and 90?
18
Suppose -4*w = -a + 5 - 0, 1 = -w. Suppose -b = 4*b - 5. Let y be 1 + 0 + (b - -1). What is the highest common divisor of a and y?
1
Suppose 2*n + 0 = 2. Calculate the greatest common factor of n and 8.
1
Suppose m = 2, 29 = 4*a + 3*m - 37. Let q = 3 + -12. Let v = q + a. Calculate the highest common factor of v and 48.
6
Let g = 25 + -9. Suppose -3*x + 61 = g. What is the greatest common divisor of x and 15?
15
Let f be 12/8 - 603/(-2). Suppose 5*g = -3 + f. Let j be 2/(-8) + 122/8. What is the highest common factor of g and j?
15
Let k(s) = -s - 8. Let q be k(-10). Suppose -q*w = 2*z - 8, -w = -z + 3*w + 29. Suppose 0 = 2*t + t - z. Calculate the highest common factor of t and 27.
3
Let p be (3 + -4 - -8*2) + -1. Calculate the highest common factor of 2 and p.
2
Suppose 5 = -0*q + q. Suppose n = 2*n - 35. What is the highest common factor of q and n?
5
Suppose -n = -1 - 1. Let j(t) = -n - 3 + 40*t + 5. Let f be j(3). What is the greatest common factor of f and 15?
15
Suppose -2 = -5*r + 4*r. Suppose 5*a + 3*s = 92, -6 + 40 = r*a + 4*s. Calculate the highest common factor of a and 19.
19
Let m = 19 + -12. Suppose 5*j + 20 = m*j. Calculate the highest common divisor of 10 and j.
10
Suppose -4*u + 3*a + 11 = 0, 0 = u + 3*a + 1. Suppose -5 = 2*d - 3*c, 0 = -d + 3*d - u*c. Calculate the highest common divisor of d and 55.
5
Suppose -2*n - 4*k = 2, 5*n - 14 = -3*k + 2. What is the highest common factor of n and 80?
5
Suppose 0 = -4*u + s + 8 + 1, 5*u + s - 9 = 0. What is the highest common divisor of u and 3?
1
Let w = 10 - 4. Suppose 4 = 4*o + 16. Let p(f) = -f + 3. Let j be p(o). Calculate the highest common factor of w and j.
6
Suppose -1 = y - 4. What is the greatest common factor of 3 and y?
3
Let n be ((-8)/36)/(2/(-3))*33. What is the greatest common factor of n and 11?
11
Let i(h) = h**3 - h**2 + 2. Let n be i(0). Let j(v) = v**2 - v. Let f be j(n). Let z be 89 + ((-2)/f)/1. What is the highest common divisor of z and 8?
8
Let p be 1/2 + (-505)/(-10). Calculate the highest common divisor of p and 34.
17
Let b be 74*2/4*2. Calculate the highest common divisor of 185 and b.
37
Let h = 30 - 12. What is the greatest common divisor of h and 162?
18
Let l be 107*(-3)/(-15) + 2/(-5). Calculate the highest common divisor of l and 7.
7
Let y be 2/(-6) + 631/3. Suppose 5*a = y + 110. What is the greatest common factor of 8 and a?
8
Let w be ((-6)/(-4))/((-6)/(-32)). Suppose -10 = -5*n - 0. Suppose 2*j = -4, -3*o + 2*j = -n*o - 68. Calculate the greatest common factor of o and w.
8
Let h = -13 - -17. Suppose 2*f - 5*u = -3*u + 84, -f + 3*u = -38. Calculate the greatest common divisor of f and h.
4
Suppose 0 = 4*y - 29 - 211. What is the greatest common divisor of y and 15?
15
Let w = 20 + 28. Let l(u) = 2*u**2 + 3*u - 2. Let a be l(2). What is the greatest common divisor of w and a?
12
Suppose -5*a - 1 + 16 = 0. Suppose -5*q + 68 = a*r, 3*r - 3*q = 2*r + 4. Calculate the highest common factor of r and 2.
2
Let v(r) = 3*r**2 + 2*r - 2. Let o(g) = -g**3 + 3*g**2 + 4*g - 2. Let d be o(4). Let f be v(d). What is the highest common factor of 12 and f?
6
Let c(l) be the first derivative of -l**3/3 - 7*l**2/2 - 4*l - 11. Let h = -3 + -2. Let j be c(h). Calculate the highest common divisor of j and 48.
6
Let k(x) = -x - 25. Let u(a) = 6. Let d(l) = -2*k(l) - 9*u(l). Let f be d(9). Calculate the highest common divisor of f and 42.
14
Let i be 2 - -11 - 1 - 0. Suppose 0 = -5*x + 2*m + 10 + 106, -4*m + 8 = 0. Suppose 120 = 2*s + x. What is the highest common divisor of s and i?
12
Let n(f) = -f**3 + 3*f**2 - 3. Let y be n(3). Let i = y - -9. Calculate the greatest common factor of 30 and i.
6
Let h = 19 + 1. Suppose -3*c - c = -h. Suppose 0 = -4*k + k + 165. What is the highest common factor of k and c?
5
Suppose -301 + 913 = 4*f. Calculate the highest common divisor of f and 17.
17
Let m(n) = 11*n - 79. Let b be m(11). What is the highest common factor of 12 and b?
6
Let h(q) = 8*q**2 - 7*q - 14. Let l be h(-5). Calculate the greatest common divisor of l and 17.
17
Let k = 163 + -131. What is the highest common factor of 80 and k?
16
Let v(w) = w**3 + 12*w**2 - 2*w - 18. Let i be v(-12). Suppose 2 = -l + i. Suppose 0 = g - l*g + 27. What is the highest c